{"id":18347,"date":"2023-09-08T18:22:47","date_gmt":"2023-09-08T16:22:47","guid":{"rendered":"https:\/\/podologiaeuskadi.com\/consultas-abiertas-en-verano\/"},"modified":"2024-07-10T22:48:43","modified_gmt":"2024-07-10T20:48:43","slug":"consultas-abiertas-en-verano","status":"publish","type":"page","link":"https:\/\/podologiaeuskadi.com\/eu\/consultas-abiertas-en-verano\/","title":{"rendered":"Udan irekitako kontsultak"},"content":{"rendered":"<div class=\"wpb-content-wrapper\"><p>[vc_row][vc_column][vc_single_image image=&#8221;18170&#8243; img_size=&#8221;full&#8221;][\/vc_column][\/vc_row][vc_row][vc_column][vc_custom_heading text=&#8221;Udan irekitako kontsultak&#8221; use_theme_fonts=&#8221;yes&#8221;][vc_column_text]<\/p>\n<h3>Uztailean irekitako kontsultak<\/h3>\n<p>\u2022 <a href=\"https:\/\/podologiaeuskadi.com\/wp-content\/uploads\/2024\/07\/240710-Consultas-Abiertas-en-Julio-2024-Eu.pdf\" target=\"_blank\" rel=\"noopener\">Deskargatu 2024ko uztaileko kontsulten zerrenda<\/a><\/p>\n<h3>Abuztuan irekitako kontsultak<\/h3>\n<p>\u2022 <a href=\"https:\/\/podologiaeuskadi.com\/wp-content\/uploads\/2024\/07\/240710-Consultas-Abiertas-en-Agosto-2024-EU.pdf\" target=\"_blank\" rel=\"noopener\">Deskargatu 2024ko abuztuko kontsulten zerrenda<\/a><\/p>\n<h3>Nola ager daiteke nire kontsulta zerrendan?<\/h3>\n<p>Formulario honen helburua uztailean eta abuztuan zerbitzua ematen duten kontsulten datuak jasotzea da. Datuak webgunean argitaratuko dira, behar duten pazienteek horren berri izan dezaten.<\/p>\n<p>\u2022 <a href=\"https:\/\/forms.office.com\/r\/GWLixSp55i\" target=\"_blank\" rel=\"noopener\">Formularioa bete<\/a>[\/vc_column_text][\/vc_column][\/vc_row]<\/p>\n<\/div>","protected":false},"excerpt":{"rendered":"<p>[vc_row][vc_column][vc_single_image image=&#8221;18170&#8243; img_size=&#8221;full&#8221;][\/vc_column][\/vc_row][vc_row][vc_column][vc_custom_heading text=&#8221;Udan irekitako kontsultak&#8221; use_theme_fonts=&#8221;yes&#8221;][vc_column_text] Uztailean irekitako kontsultak \u2022 Deskargatu 2024ko uztaileko kontsulten zerrenda Abuztuan irekitako kontsultak \u2022 Deskargatu 2024ko abuztuko kontsulten zerrenda Nola ager daiteke nire kontsulta zerrendan? Formulario honen helburua uztailean eta abuztuan zerbitzua ematen duten kontsulten datuak jasotzea da. Datuak webgunean argitaratuko dira, behar duten pazienteek horren berri izan dezaten.&hellip;<\/p>\n","protected":false},"author":1,"featured_media":0,"parent":0,"menu_order":0,"comment_status":"closed","ping_status":"closed","template":"","meta":{"footnotes":""},"class_list":["post-18347","page","type-page","status-publish","hentry","description-off"],"yoast_head":"<!-- This site is optimized with the Yoast SEO plugin v27.4 - https:\/\/yoast.com\/product\/yoast-seo-wordpress\/ -->\n<title>Udan irekitako kontsultak - Colegio Oficial de Podolog\u00eda de Pa\u00eds Vasco<\/title>\n<meta name=\"robots\" content=\"index, follow, max-snippet:-1, max-image-preview:large, max-video-preview:-1\" \/>\n<link rel=\"canonical\" href=\"https:\/\/podologiaeuskadi.com\/eu\/consultas-abiertas-en-verano\/\" \/>\n<meta property=\"og:locale\" content=\"eu_ES\" \/>\n<meta property=\"og:type\" content=\"article\" \/>\n<meta property=\"og:title\" content=\"Udan irekitako kontsultak - Colegio Oficial de Podolog\u00eda de Pa\u00eds Vasco\" \/>\n<meta property=\"og:description\" content=\"[vc_row][vc_column][vc_single_image image=&#8221;18170&#8243; img_size=&#8221;full&#8221;][\/vc_column][\/vc_row][vc_row][vc_column][vc_custom_heading text=&#8221;Udan irekitako kontsultak&#8221; use_theme_fonts=&#8221;yes&#8221;][vc_column_text] Uztailean irekitako kontsultak \u2022 Deskargatu 2024ko uztaileko kontsulten zerrenda Abuztuan irekitako kontsultak \u2022 Deskargatu 2024ko abuztuko kontsulten zerrenda Nola ager daiteke nire kontsulta zerrendan? Formulario honen helburua uztailean eta abuztuan zerbitzua ematen duten kontsulten datuak jasotzea da. Datuak webgunean argitaratuko dira, behar duten pazienteek horren berri izan dezaten.&hellip;\" \/>\n<meta property=\"og:url\" content=\"https:\/\/podologiaeuskadi.com\/eu\/consultas-abiertas-en-verano\/\" \/>\n<meta property=\"og:site_name\" content=\"Colegio Oficial de Podolog\u00eda de Pa\u00eds Vasco\" \/>\n<meta property=\"article:publisher\" content=\"https:\/\/www.facebook.com\/ColegioPodologosEuskadi\/\" \/>\n<meta property=\"article:modified_time\" content=\"2024-07-10T20:48:43+00:00\" \/>\n<meta name=\"twitter:card\" content=\"summary_large_image\" \/>\n<meta name=\"twitter:site\" content=\"@CPodologos\" \/>\n<meta name=\"twitter:label1\" content=\"Est. reading time\" \/>\n\t<meta name=\"twitter:data1\" content=\"1 minute\" \/>\n<script type=\"application\/ld+json\" class=\"yoast-schema-graph\">{\"@context\":\"https:\\\/\\\/schema.org\",\"@graph\":[{\"@type\":\"WebPage\",\"@id\":\"https:\\\/\\\/podologiaeuskadi.com\\\/eu\\\/consultas-abiertas-en-verano\\\/\",\"url\":\"https:\\\/\\\/podologiaeuskadi.com\\\/eu\\\/consultas-abiertas-en-verano\\\/\",\"name\":\"Udan irekitako kontsultak - Colegio Oficial de Podolog\u00eda de Pa\u00eds Vasco\",\"isPartOf\":{\"@id\":\"https:\\\/\\\/podologiaeuskadi.com\\\/#website\"},\"datePublished\":\"2023-09-08T16:22:47+00:00\",\"dateModified\":\"2024-07-10T20:48:43+00:00\",\"breadcrumb\":{\"@id\":\"https:\\\/\\\/podologiaeuskadi.com\\\/eu\\\/consultas-abiertas-en-verano\\\/#breadcrumb\"},\"inLanguage\":\"eu-ES\",\"potentialAction\":[{\"@type\":\"ReadAction\",\"target\":[\"https:\\\/\\\/podologiaeuskadi.com\\\/eu\\\/consultas-abiertas-en-verano\\\/\"]}]},{\"@type\":\"BreadcrumbList\",\"@id\":\"https:\\\/\\\/podologiaeuskadi.com\\\/eu\\\/consultas-abiertas-en-verano\\\/#breadcrumb\",\"itemListElement\":[{\"@type\":\"ListItem\",\"position\":1,\"name\":\"Portada\",\"item\":\"https:\\\/\\\/podologiaeuskadi.com\\\/eu\\\/\"},{\"@type\":\"ListItem\",\"position\":2,\"name\":\"Udan irekitako kontsultak\"}]},{\"@type\":\"WebSite\",\"@id\":\"https:\\\/\\\/podologiaeuskadi.com\\\/#website\",\"url\":\"https:\\\/\\\/podologiaeuskadi.com\\\/\",\"name\":\"Colegio Oficial de Pod\u00f3logos del Pa\u00eds Vasco\",\"description\":\"Colegio Oficial de Podolog\u00eda de Pa\u00eds Vasco\",\"publisher\":{\"@id\":\"https:\\\/\\\/podologiaeuskadi.com\\\/#organization\"},\"potentialAction\":[{\"@type\":\"SearchAction\",\"target\":{\"@type\":\"EntryPoint\",\"urlTemplate\":\"https:\\\/\\\/podologiaeuskadi.com\\\/?s={search_term_string}\"},\"query-input\":{\"@type\":\"PropertyValueSpecification\",\"valueRequired\":true,\"valueName\":\"search_term_string\"}}],\"inLanguage\":\"eu-ES\"},{\"@type\":\"Organization\",\"@id\":\"https:\\\/\\\/podologiaeuskadi.com\\\/#organization\",\"name\":\"Colegio Oficial de Pod\u00f3logos del Pa\u00eds Vasco\",\"url\":\"https:\\\/\\\/podologiaeuskadi.com\\\/\",\"logo\":{\"@type\":\"ImageObject\",\"inLanguage\":\"eu-ES\",\"@id\":\"https:\\\/\\\/podologiaeuskadi.com\\\/#\\\/schema\\\/logo\\\/image\\\/\",\"url\":\"https:\\\/\\\/podologiaeuskadi.com\\\/wp-content\\\/uploads\\\/2024\\\/04\\\/240423-col-podologos-2.jpg\",\"contentUrl\":\"https:\\\/\\\/podologiaeuskadi.com\\\/wp-content\\\/uploads\\\/2024\\\/04\\\/240423-col-podologos-2.jpg\",\"width\":1660,\"height\":822,\"caption\":\"Colegio Oficial de Pod\u00f3logos del Pa\u00eds Vasco\"},\"image\":{\"@id\":\"https:\\\/\\\/podologiaeuskadi.com\\\/#\\\/schema\\\/logo\\\/image\\\/\"},\"sameAs\":[\"https:\\\/\\\/www.facebook.com\\\/ColegioPodologosEuskadi\\\/\",\"https:\\\/\\\/x.com\\\/CPodologos\",\"https:\\\/\\\/www.youtube.com\\\/@colegiopodologosdelpaisvas9357\"]}]}<\/script>\n<!-- \/ Yoast SEO plugin. -->","yoast_head_json":{"title":"Udan irekitako kontsultak - Colegio Oficial de Podolog\u00eda de Pa\u00eds Vasco","robots":{"index":"index","follow":"follow","max-snippet":"max-snippet:-1","max-image-preview":"max-image-preview:large","max-video-preview":"max-video-preview:-1"},"canonical":"https:\/\/podologiaeuskadi.com\/eu\/consultas-abiertas-en-verano\/","og_locale":"eu_ES","og_type":"article","og_title":"Udan irekitako kontsultak - Colegio Oficial de Podolog\u00eda de Pa\u00eds Vasco","og_description":"[vc_row][vc_column][vc_single_image image=&#8221;18170&#8243; img_size=&#8221;full&#8221;][\/vc_column][\/vc_row][vc_row][vc_column][vc_custom_heading text=&#8221;Udan irekitako kontsultak&#8221; use_theme_fonts=&#8221;yes&#8221;][vc_column_text] Uztailean irekitako kontsultak \u2022 Deskargatu 2024ko uztaileko kontsulten zerrenda Abuztuan irekitako kontsultak \u2022 Deskargatu 2024ko abuztuko kontsulten zerrenda Nola ager daiteke nire kontsulta zerrendan? Formulario honen helburua uztailean eta abuztuan zerbitzua ematen duten kontsulten datuak jasotzea da. Datuak webgunean argitaratuko dira, behar duten pazienteek horren berri izan dezaten.&hellip;","og_url":"https:\/\/podologiaeuskadi.com\/eu\/consultas-abiertas-en-verano\/","og_site_name":"Colegio Oficial de Podolog\u00eda de Pa\u00eds Vasco","article_publisher":"https:\/\/www.facebook.com\/ColegioPodologosEuskadi\/","article_modified_time":"2024-07-10T20:48:43+00:00","twitter_card":"summary_large_image","twitter_site":"@CPodologos","twitter_misc":{"Est. reading time":"1 minute"},"schema":{"@context":"https:\/\/schema.org","@graph":[{"@type":"WebPage","@id":"https:\/\/podologiaeuskadi.com\/eu\/consultas-abiertas-en-verano\/","url":"https:\/\/podologiaeuskadi.com\/eu\/consultas-abiertas-en-verano\/","name":"Udan irekitako kontsultak - Colegio Oficial de Podolog\u00eda de Pa\u00eds Vasco","isPartOf":{"@id":"https:\/\/podologiaeuskadi.com\/#website"},"datePublished":"2023-09-08T16:22:47+00:00","dateModified":"2024-07-10T20:48:43+00:00","breadcrumb":{"@id":"https:\/\/podologiaeuskadi.com\/eu\/consultas-abiertas-en-verano\/#breadcrumb"},"inLanguage":"eu-ES","potentialAction":[{"@type":"ReadAction","target":["https:\/\/podologiaeuskadi.com\/eu\/consultas-abiertas-en-verano\/"]}]},{"@type":"BreadcrumbList","@id":"https:\/\/podologiaeuskadi.com\/eu\/consultas-abiertas-en-verano\/#breadcrumb","itemListElement":[{"@type":"ListItem","position":1,"name":"Portada","item":"https:\/\/podologiaeuskadi.com\/eu\/"},{"@type":"ListItem","position":2,"name":"Udan irekitako kontsultak"}]},{"@type":"WebSite","@id":"https:\/\/podologiaeuskadi.com\/#website","url":"https:\/\/podologiaeuskadi.com\/","name":"Colegio Oficial de Pod\u00f3logos del Pa\u00eds Vasco","description":"Colegio Oficial de Podolog\u00eda de Pa\u00eds Vasco","publisher":{"@id":"https:\/\/podologiaeuskadi.com\/#organization"},"potentialAction":[{"@type":"SearchAction","target":{"@type":"EntryPoint","urlTemplate":"https:\/\/podologiaeuskadi.com\/?s={search_term_string}"},"query-input":{"@type":"PropertyValueSpecification","valueRequired":true,"valueName":"search_term_string"}}],"inLanguage":"eu-ES"},{"@type":"Organization","@id":"https:\/\/podologiaeuskadi.com\/#organization","name":"Colegio Oficial de Pod\u00f3logos del Pa\u00eds Vasco","url":"https:\/\/podologiaeuskadi.com\/","logo":{"@type":"ImageObject","inLanguage":"eu-ES","@id":"https:\/\/podologiaeuskadi.com\/#\/schema\/logo\/image\/","url":"https:\/\/podologiaeuskadi.com\/wp-content\/uploads\/2024\/04\/240423-col-podologos-2.jpg","contentUrl":"https:\/\/podologiaeuskadi.com\/wp-content\/uploads\/2024\/04\/240423-col-podologos-2.jpg","width":1660,"height":822,"caption":"Colegio Oficial de Pod\u00f3logos del Pa\u00eds Vasco"},"image":{"@id":"https:\/\/podologiaeuskadi.com\/#\/schema\/logo\/image\/"},"sameAs":["https:\/\/www.facebook.com\/ColegioPodologosEuskadi\/","https:\/\/x.com\/CPodologos","https:\/\/www.youtube.com\/@colegiopodologosdelpaisvas9357"]}]}},"_links":{"self":[{"href":"https:\/\/podologiaeuskadi.com\/eu\/wp-json\/wp\/v2\/pages\/18347","targetHints":{"allow":["GET"]}}],"collection":[{"href":"https:\/\/podologiaeuskadi.com\/eu\/wp-json\/wp\/v2\/pages"}],"about":[{"href":"https:\/\/podologiaeuskadi.com\/eu\/wp-json\/wp\/v2\/types\/page"}],"author":[{"embeddable":true,"href":"https:\/\/podologiaeuskadi.com\/eu\/wp-json\/wp\/v2\/users\/1"}],"replies":[{"embeddable":true,"href":"https:\/\/podologiaeuskadi.com\/eu\/wp-json\/wp\/v2\/comments?post=18347"}],"version-history":[{"count":5,"href":"https:\/\/podologiaeuskadi.com\/eu\/wp-json\/wp\/v2\/pages\/18347\/revisions"}],"predecessor-version":[{"id":20677,"href":"https:\/\/podologiaeuskadi.com\/eu\/wp-json\/wp\/v2\/pages\/18347\/revisions\/20677"}],"wp:attachment":[{"href":"https:\/\/podologiaeuskadi.com\/eu\/wp-json\/wp\/v2\/media?parent=18347"}],"curies":[{"name":"wp","href":"https:\/\/api.w.org\/{rel}","templated":true}]}}

<!-- This site is optimized with the Yoast SEO plugin v27.4 - https://yoast.com/product/yoast-seo-wordpress/ -->
<title>Udan irekitako kontsultak - Colegio Oficial de Podología de País Vasco</title>
<meta name="robots" content="index, follow, max-snippet:-1, max-image-preview:large, max-video-preview:-1" />
<link rel="canonical" href="https://podologiaeuskadi.com/eu/consultas-abiertas-en-verano/" />
<meta property="og:locale" content="eu_ES" />
<meta property="og:type" content="article" />
<meta property="og:title" content="Udan irekitako kontsultak - Colegio Oficial de Podología de País Vasco" />
<meta property="og:description" content="[vc_row][vc_column][vc_single_image image=&#8221;18170&#8243; img_size=&#8221;full&#8221;][/vc_column][/vc_row][vc_row][vc_column][vc_custom_heading text=&#8221;Udan irekitako kontsultak&#8221; use_theme_fonts=&#8221;yes&#8221;][vc_column_text] Uztailean irekitako kontsultak • Deskargatu 2024ko uztaileko kontsulten zerrenda Abuztuan irekitako kontsultak • Deskargatu 2024ko abuztuko kontsulten zerrenda Nola ager daiteke nire kontsulta zerrendan? Formulario honen helburua uztailean eta abuztuan zerbitzua ematen duten kontsulten datuak jasotzea da. Datuak webgunean argitaratuko dira, behar duten pazienteek horren berri izan dezaten.&hellip;" />
<meta property="og:url" content="https://podologiaeuskadi.com/eu/consultas-abiertas-en-verano/" />
<meta property="og:site_name" content="Colegio Oficial de Podología de País Vasco" />
<meta property="article:publisher" content="https://www.facebook.com/ColegioPodologosEuskadi/" />
<meta property="article:modified_time" content="2024-07-10T20:48:43+00:00" />
<meta name="twitter:card" content="summary_large_image" />
<meta name="twitter:site" content="@CPodologos" />
<meta name="twitter:label1" content="Est. reading time" />
	<meta name="twitter:data1" content="1 minute" />
<script type="application/ld+json" class="yoast-schema-graph">{"@context":"https:\/\/schema.org","@graph":[{"@type":"WebPage","@id":"https:\/\/podologiaeuskadi.com\/eu\/consultas-abiertas-en-verano\/","url":"https:\/\/podologiaeuskadi.com\/eu\/consultas-abiertas-en-verano\/","name":"Udan irekitako kontsultak - Colegio Oficial de Podología de País Vasco","isPartOf":{"@id":"https:\/\/podologiaeuskadi.com\/#website"},"datePublished":"2023-09-08T16:22:47+00:00","dateModified":"2024-07-10T20:48:43+00:00","breadcrumb":{"@id":"https:\/\/podologiaeuskadi.com\/eu\/consultas-abiertas-en-verano\/#breadcrumb"},"inLanguage":"eu-ES","potentialAction":[{"@type":"ReadAction","target":["https:\/\/podologiaeuskadi.com\/eu\/consultas-abiertas-en-verano\/"]}]},{"@type":"BreadcrumbList","@id":"https:\/\/podologiaeuskadi.com\/eu\/consultas-abiertas-en-verano\/#breadcrumb","itemListElement":[{"@type":"ListItem","position":1,"name":"Portada","item":"https:\/\/podologiaeuskadi.com\/eu\/"},{"@type":"ListItem","position":2,"name":"Udan irekitako kontsultak"}]},{"@type":"WebSite","@id":"https:\/\/podologiaeuskadi.com\/#website","url":"https:\/\/podologiaeuskadi.com\/","name":"Colegio Oficial de Podólogos del País Vasco","description":"Colegio Oficial de Podología de País Vasco","publisher":{"@id":"https:\/\/podologiaeuskadi.com\/#organization"},"potentialAction":[{"@type":"SearchAction","target":{"@type":"EntryPoint","urlTemplate":"https:\/\/podologiaeuskadi.com\/?s={search_term_string}"},"query-input":{"@type":"PropertyValueSpecification","valueRequired":true,"valueName":"search_term_string"}}],"inLanguage":"eu-ES"},{"@type":"Organization","@id":"https:\/\/podologiaeuskadi.com\/#organization","name":"Colegio Oficial de Podólogos del País Vasco","url":"https:\/\/podologiaeuskadi.com\/","logo":{"@type":"ImageObject","inLanguage":"eu-ES","@id":"https:\/\/podologiaeuskadi.com\/#\/schema\/logo\/image\/","url":"https:\/\/podologiaeuskadi.com\/wp-content\/uploads\/2024\/04\/240423-col-podologos-2.jpg","contentUrl":"https:\/\/podologiaeuskadi.com\/wp-content\/uploads\/2024\/04\/240423-col-podologos-2.jpg","width":1660,"height":822,"caption":"Colegio Oficial de Podólogos del País Vasco"},"image":{"@id":"https:\/\/podologiaeuskadi.com\/#\/schema\/logo\/image\/"},"sameAs":["https:\/\/www.facebook.com\/ColegioPodologosEuskadi\/","https:\/\/x.com\/CPodologos","https:\/\/www.youtube.com\/@colegiopodologosdelpaisvas9357"]}]}</script>
<!-- / Yoast SEO plugin. -->

Udan irekitako kontsultak - Colegio Oficial de Podología de País Vasco

Colegio Oficial de Podología de País Vasco

Colegio Oficial de Podólogos del País Vasco
