{"id":18379,"date":"2023-09-08T18:28:26","date_gmt":"2023-09-08T16:28:26","guid":{"rendered":"https:\/\/podologiaeuskadi.com\/memorias-anuales\/"},"modified":"2026-03-09T15:19:46","modified_gmt":"2026-03-09T13:19:46","slug":"memorias-anuales","status":"publish","type":"page","link":"https:\/\/podologiaeuskadi.com\/eu\/memorias-anuales\/","title":{"rendered":"Urteko memoriak"},"content":{"rendered":"<div class=\"wpb-content-wrapper\"><p>[vc_row][vc_column][vc_single_image image=&#8221;18139&#8243; img_size=&#8221;full&#8221;][\/vc_column][\/vc_row][vc_row][vc_column][vc_custom_heading text=&#8221;EPEOren urteko memoriak&#8221; use_theme_fonts=&#8221;yes&#8221; css=&#8221;&#8221;][vc_column_text css=&#8221;&#8221;]<\/p>\n<h3>Urteko memoriak<\/h3>\n<p>\u2022 <a href=\"https:\/\/podologiaeuskadi.com\/wp-content\/uploads\/2026\/03\/251231-Memoria-Reducida-2025-EUS.pdf\" target=\"_blank\" rel=\"noopener\">2025eko memoria<\/a> eta\u00a0<a href=\"https:\/\/podologiaeuskadi.com\/wp-content\/uploads\/2026\/03\/260225-Balance-PyG-2025-EU.pdf\" target=\"_blank\" rel=\"noopener\">2025eko galdu-irabazien balantzea<\/a><\/p>\n<p>\u2022 <a href=\"https:\/\/podologiaeuskadi.com\/wp-content\/uploads\/2025\/03\/Memoria-R-2024-EU.pdf\" target=\"_blank\" rel=\"noopener\">2024ko memoria<\/a> eta <a href=\"https:\/\/podologiaeuskadi.com\/wp-content\/uploads\/2025\/03\/250220-Balance-PyG-2024-EU.pdf\" target=\"_blank\" rel=\"noopener\">2024ko galdu-irabazien balantzea<\/a><\/p>\n<p>\u2022<a href=\"https:\/\/podologiaeuskadi.com\/wp-content\/uploads\/2024\/07\/250524-Memoria-Reducida-2023.pdf\" target=\"_blank\" rel=\"noopener\"> 2023ko memoria<\/a> eta <a href=\"https:\/\/podologiaeuskadi.com\/wp-content\/uploads\/2024\/02\/240208-Balance-PyG-2023-EUS.pdf\" target=\"_blank\" rel=\"noopener\">2023ko galldu-irabazien balantzea<\/a><\/p>\n<p>\u2022 <a href=\"https:\/\/podologiaeuskadi.com\/wp-content\/uploads\/2023\/09\/1-22-Memoria-Reducida-2022-EU.pdf\" target=\"_blank\" rel=\"noopener\">2022ko memoria<\/a> eta <a href=\"https:\/\/podologiaeuskadi.com\/wp-content\/uploads\/2023\/09\/2-2022-Balantzea-G-I-2022-EU.pdf\" target=\"_blank\" rel=\"noopener\">2022ko galdu-irabazien balantzea<\/a><\/p>\n<p>\u2022 <a href=\"https:\/\/podologiaeuskadi.com\/wp-content\/uploads\/2023\/09\/3-21-MEMORIA-LABURRA-2021-EU.pdf\" target=\"_blank\" rel=\"noopener\">2021eko memoria<\/a> eta <a href=\"https:\/\/podologiaeuskadi.com\/wp-content\/uploads\/2023\/09\/4-2021-Galeren-eta-irabazien-balantzea.pdf\" target=\"_blank\" rel=\"noopener\">2021eko galdu-irabazien balantzea<\/a><\/p>\n<p>&nbsp;<\/p>\n<p>Deskargatu pdf formatuan[\/vc_column_text][\/vc_column][\/vc_row]<\/p>\n<\/div>","protected":false},"excerpt":{"rendered":"<p>[vc_row][vc_column][vc_single_image image=&#8221;18139&#8243; img_size=&#8221;full&#8221;][\/vc_column][\/vc_row][vc_row][vc_column][vc_custom_heading text=&#8221;EPEOren urteko memoriak&#8221; use_theme_fonts=&#8221;yes&#8221; css=&#8221;&#8221;][vc_column_text css=&#8221;&#8221;] Urteko memoriak \u2022 2025eko memoria eta\u00a02025eko galdu-irabazien balantzea \u2022 2024ko memoria eta 2024ko galdu-irabazien balantzea \u2022 2023ko memoria eta 2023ko galldu-irabazien balantzea \u2022 2022ko memoria eta 2022ko galdu-irabazien balantzea \u2022 2021eko memoria eta 2021eko galdu-irabazien balantzea &nbsp; Deskargatu pdf formatuan[\/vc_column_text][\/vc_column][\/vc_row]<\/p>\n","protected":false},"author":1,"featured_media":0,"parent":0,"menu_order":0,"comment_status":"closed","ping_status":"closed","template":"","meta":{"footnotes":""},"class_list":["post-18379","page","type-page","status-publish","hentry","description-off"],"yoast_head":"<!-- This site is optimized with the Yoast SEO plugin v27.4 - https:\/\/yoast.com\/product\/yoast-seo-wordpress\/ -->\n<title>Urteko memoriak - Colegio Oficial de Podolog\u00eda de Pa\u00eds Vasco<\/title>\n<meta name=\"robots\" content=\"index, follow, max-snippet:-1, max-image-preview:large, max-video-preview:-1\" \/>\n<link rel=\"canonical\" href=\"https:\/\/podologiaeuskadi.com\/eu\/memorias-anuales\/\" \/>\n<meta property=\"og:locale\" content=\"eu_ES\" \/>\n<meta property=\"og:type\" content=\"article\" \/>\n<meta property=\"og:title\" content=\"Urteko memoriak - Colegio Oficial de Podolog\u00eda de Pa\u00eds Vasco\" \/>\n<meta property=\"og:description\" content=\"[vc_row][vc_column][vc_single_image image=&#8221;18139&#8243; img_size=&#8221;full&#8221;][\/vc_column][\/vc_row][vc_row][vc_column][vc_custom_heading text=&#8221;EPEOren urteko memoriak&#8221; use_theme_fonts=&#8221;yes&#8221; css=&#8221;&#8221;][vc_column_text css=&#8221;&#8221;] Urteko memoriak \u2022 2025eko memoria eta\u00a02025eko galdu-irabazien balantzea \u2022 2024ko memoria eta 2024ko galdu-irabazien balantzea \u2022 2023ko memoria eta 2023ko galldu-irabazien balantzea \u2022 2022ko memoria eta 2022ko galdu-irabazien balantzea \u2022 2021eko memoria eta 2021eko galdu-irabazien balantzea &nbsp; Deskargatu pdf formatuan[\/vc_column_text][\/vc_column][\/vc_row]\" \/>\n<meta property=\"og:url\" content=\"https:\/\/podologiaeuskadi.com\/eu\/memorias-anuales\/\" \/>\n<meta property=\"og:site_name\" content=\"Colegio Oficial de Podolog\u00eda de Pa\u00eds Vasco\" \/>\n<meta property=\"article:publisher\" content=\"https:\/\/www.facebook.com\/ColegioPodologosEuskadi\/\" \/>\n<meta property=\"article:modified_time\" content=\"2026-03-09T13:19:46+00:00\" \/>\n<meta name=\"twitter:card\" content=\"summary_large_image\" \/>\n<meta name=\"twitter:site\" content=\"@CPodologos\" \/>\n<meta name=\"twitter:label1\" content=\"Est. reading time\" \/>\n\t<meta name=\"twitter:data1\" content=\"1 minute\" \/>\n<script type=\"application\/ld+json\" class=\"yoast-schema-graph\">{\"@context\":\"https:\\\/\\\/schema.org\",\"@graph\":[{\"@type\":\"WebPage\",\"@id\":\"https:\\\/\\\/podologiaeuskadi.com\\\/eu\\\/memorias-anuales\\\/\",\"url\":\"https:\\\/\\\/podologiaeuskadi.com\\\/eu\\\/memorias-anuales\\\/\",\"name\":\"Urteko memoriak - Colegio Oficial de Podolog\u00eda de Pa\u00eds Vasco\",\"isPartOf\":{\"@id\":\"https:\\\/\\\/podologiaeuskadi.com\\\/#website\"},\"datePublished\":\"2023-09-08T16:28:26+00:00\",\"dateModified\":\"2026-03-09T13:19:46+00:00\",\"breadcrumb\":{\"@id\":\"https:\\\/\\\/podologiaeuskadi.com\\\/eu\\\/memorias-anuales\\\/#breadcrumb\"},\"inLanguage\":\"eu-ES\",\"potentialAction\":[{\"@type\":\"ReadAction\",\"target\":[\"https:\\\/\\\/podologiaeuskadi.com\\\/eu\\\/memorias-anuales\\\/\"]}]},{\"@type\":\"BreadcrumbList\",\"@id\":\"https:\\\/\\\/podologiaeuskadi.com\\\/eu\\\/memorias-anuales\\\/#breadcrumb\",\"itemListElement\":[{\"@type\":\"ListItem\",\"position\":1,\"name\":\"Portada\",\"item\":\"https:\\\/\\\/podologiaeuskadi.com\\\/eu\\\/\"},{\"@type\":\"ListItem\",\"position\":2,\"name\":\"Urteko memoriak\"}]},{\"@type\":\"WebSite\",\"@id\":\"https:\\\/\\\/podologiaeuskadi.com\\\/#website\",\"url\":\"https:\\\/\\\/podologiaeuskadi.com\\\/\",\"name\":\"Colegio Oficial de Pod\u00f3logos del Pa\u00eds Vasco\",\"description\":\"Colegio Oficial de Podolog\u00eda de Pa\u00eds Vasco\",\"publisher\":{\"@id\":\"https:\\\/\\\/podologiaeuskadi.com\\\/#organization\"},\"potentialAction\":[{\"@type\":\"SearchAction\",\"target\":{\"@type\":\"EntryPoint\",\"urlTemplate\":\"https:\\\/\\\/podologiaeuskadi.com\\\/?s={search_term_string}\"},\"query-input\":{\"@type\":\"PropertyValueSpecification\",\"valueRequired\":true,\"valueName\":\"search_term_string\"}}],\"inLanguage\":\"eu-ES\"},{\"@type\":\"Organization\",\"@id\":\"https:\\\/\\\/podologiaeuskadi.com\\\/#organization\",\"name\":\"Colegio Oficial de Pod\u00f3logos del Pa\u00eds Vasco\",\"url\":\"https:\\\/\\\/podologiaeuskadi.com\\\/\",\"logo\":{\"@type\":\"ImageObject\",\"inLanguage\":\"eu-ES\",\"@id\":\"https:\\\/\\\/podologiaeuskadi.com\\\/#\\\/schema\\\/logo\\\/image\\\/\",\"url\":\"https:\\\/\\\/podologiaeuskadi.com\\\/wp-content\\\/uploads\\\/2024\\\/04\\\/240423-col-podologos-2.jpg\",\"contentUrl\":\"https:\\\/\\\/podologiaeuskadi.com\\\/wp-content\\\/uploads\\\/2024\\\/04\\\/240423-col-podologos-2.jpg\",\"width\":1660,\"height\":822,\"caption\":\"Colegio Oficial de Pod\u00f3logos del Pa\u00eds Vasco\"},\"image\":{\"@id\":\"https:\\\/\\\/podologiaeuskadi.com\\\/#\\\/schema\\\/logo\\\/image\\\/\"},\"sameAs\":[\"https:\\\/\\\/www.facebook.com\\\/ColegioPodologosEuskadi\\\/\",\"https:\\\/\\\/x.com\\\/CPodologos\",\"https:\\\/\\\/www.youtube.com\\\/@colegiopodologosdelpaisvas9357\"]}]}<\/script>\n<!-- \/ Yoast SEO plugin. -->","yoast_head_json":{"title":"Urteko memoriak - Colegio Oficial de Podolog\u00eda de Pa\u00eds Vasco","robots":{"index":"index","follow":"follow","max-snippet":"max-snippet:-1","max-image-preview":"max-image-preview:large","max-video-preview":"max-video-preview:-1"},"canonical":"https:\/\/podologiaeuskadi.com\/eu\/memorias-anuales\/","og_locale":"eu_ES","og_type":"article","og_title":"Urteko memoriak - Colegio Oficial de Podolog\u00eda de Pa\u00eds Vasco","og_description":"[vc_row][vc_column][vc_single_image image=&#8221;18139&#8243; img_size=&#8221;full&#8221;][\/vc_column][\/vc_row][vc_row][vc_column][vc_custom_heading text=&#8221;EPEOren urteko memoriak&#8221; use_theme_fonts=&#8221;yes&#8221; css=&#8221;&#8221;][vc_column_text css=&#8221;&#8221;] Urteko memoriak \u2022 2025eko memoria eta\u00a02025eko galdu-irabazien balantzea \u2022 2024ko memoria eta 2024ko galdu-irabazien balantzea \u2022 2023ko memoria eta 2023ko galldu-irabazien balantzea \u2022 2022ko memoria eta 2022ko galdu-irabazien balantzea \u2022 2021eko memoria eta 2021eko galdu-irabazien balantzea &nbsp; Deskargatu pdf formatuan[\/vc_column_text][\/vc_column][\/vc_row]","og_url":"https:\/\/podologiaeuskadi.com\/eu\/memorias-anuales\/","og_site_name":"Colegio Oficial de Podolog\u00eda de Pa\u00eds Vasco","article_publisher":"https:\/\/www.facebook.com\/ColegioPodologosEuskadi\/","article_modified_time":"2026-03-09T13:19:46+00:00","twitter_card":"summary_large_image","twitter_site":"@CPodologos","twitter_misc":{"Est. reading time":"1 minute"},"schema":{"@context":"https:\/\/schema.org","@graph":[{"@type":"WebPage","@id":"https:\/\/podologiaeuskadi.com\/eu\/memorias-anuales\/","url":"https:\/\/podologiaeuskadi.com\/eu\/memorias-anuales\/","name":"Urteko memoriak - Colegio Oficial de Podolog\u00eda de Pa\u00eds Vasco","isPartOf":{"@id":"https:\/\/podologiaeuskadi.com\/#website"},"datePublished":"2023-09-08T16:28:26+00:00","dateModified":"2026-03-09T13:19:46+00:00","breadcrumb":{"@id":"https:\/\/podologiaeuskadi.com\/eu\/memorias-anuales\/#breadcrumb"},"inLanguage":"eu-ES","potentialAction":[{"@type":"ReadAction","target":["https:\/\/podologiaeuskadi.com\/eu\/memorias-anuales\/"]}]},{"@type":"BreadcrumbList","@id":"https:\/\/podologiaeuskadi.com\/eu\/memorias-anuales\/#breadcrumb","itemListElement":[{"@type":"ListItem","position":1,"name":"Portada","item":"https:\/\/podologiaeuskadi.com\/eu\/"},{"@type":"ListItem","position":2,"name":"Urteko memoriak"}]},{"@type":"WebSite","@id":"https:\/\/podologiaeuskadi.com\/#website","url":"https:\/\/podologiaeuskadi.com\/","name":"Colegio Oficial de Pod\u00f3logos del Pa\u00eds Vasco","description":"Colegio Oficial de Podolog\u00eda de Pa\u00eds Vasco","publisher":{"@id":"https:\/\/podologiaeuskadi.com\/#organization"},"potentialAction":[{"@type":"SearchAction","target":{"@type":"EntryPoint","urlTemplate":"https:\/\/podologiaeuskadi.com\/?s={search_term_string}"},"query-input":{"@type":"PropertyValueSpecification","valueRequired":true,"valueName":"search_term_string"}}],"inLanguage":"eu-ES"},{"@type":"Organization","@id":"https:\/\/podologiaeuskadi.com\/#organization","name":"Colegio Oficial de Pod\u00f3logos del Pa\u00eds Vasco","url":"https:\/\/podologiaeuskadi.com\/","logo":{"@type":"ImageObject","inLanguage":"eu-ES","@id":"https:\/\/podologiaeuskadi.com\/#\/schema\/logo\/image\/","url":"https:\/\/podologiaeuskadi.com\/wp-content\/uploads\/2024\/04\/240423-col-podologos-2.jpg","contentUrl":"https:\/\/podologiaeuskadi.com\/wp-content\/uploads\/2024\/04\/240423-col-podologos-2.jpg","width":1660,"height":822,"caption":"Colegio Oficial de Pod\u00f3logos del Pa\u00eds Vasco"},"image":{"@id":"https:\/\/podologiaeuskadi.com\/#\/schema\/logo\/image\/"},"sameAs":["https:\/\/www.facebook.com\/ColegioPodologosEuskadi\/","https:\/\/x.com\/CPodologos","https:\/\/www.youtube.com\/@colegiopodologosdelpaisvas9357"]}]}},"_links":{"self":[{"href":"https:\/\/podologiaeuskadi.com\/eu\/wp-json\/wp\/v2\/pages\/18379","targetHints":{"allow":["GET"]}}],"collection":[{"href":"https:\/\/podologiaeuskadi.com\/eu\/wp-json\/wp\/v2\/pages"}],"about":[{"href":"https:\/\/podologiaeuskadi.com\/eu\/wp-json\/wp\/v2\/types\/page"}],"author":[{"embeddable":true,"href":"https:\/\/podologiaeuskadi.com\/eu\/wp-json\/wp\/v2\/users\/1"}],"replies":[{"embeddable":true,"href":"https:\/\/podologiaeuskadi.com\/eu\/wp-json\/wp\/v2\/comments?post=18379"}],"version-history":[{"count":7,"href":"https:\/\/podologiaeuskadi.com\/eu\/wp-json\/wp\/v2\/pages\/18379\/revisions"}],"predecessor-version":[{"id":22656,"href":"https:\/\/podologiaeuskadi.com\/eu\/wp-json\/wp\/v2\/pages\/18379\/revisions\/22656"}],"wp:attachment":[{"href":"https:\/\/podologiaeuskadi.com\/eu\/wp-json\/wp\/v2\/media?parent=18379"}],"curies":[{"name":"wp","href":"https:\/\/api.w.org\/{rel}","templated":true}]}}

<!-- This site is optimized with the Yoast SEO plugin v27.4 - https://yoast.com/product/yoast-seo-wordpress/ -->
<title>Urteko memoriak - Colegio Oficial de Podología de País Vasco</title>
<meta name="robots" content="index, follow, max-snippet:-1, max-image-preview:large, max-video-preview:-1" />
<link rel="canonical" href="https://podologiaeuskadi.com/eu/memorias-anuales/" />
<meta property="og:locale" content="eu_ES" />
<meta property="og:type" content="article" />
<meta property="og:title" content="Urteko memoriak - Colegio Oficial de Podología de País Vasco" />
<meta property="og:description" content="[vc_row][vc_column][vc_single_image image=&#8221;18139&#8243; img_size=&#8221;full&#8221;][/vc_column][/vc_row][vc_row][vc_column][vc_custom_heading text=&#8221;EPEOren urteko memoriak&#8221; use_theme_fonts=&#8221;yes&#8221; css=&#8221;&#8221;][vc_column_text css=&#8221;&#8221;] Urteko memoriak • 2025eko memoria eta 2025eko galdu-irabazien balantzea • 2024ko memoria eta 2024ko galdu-irabazien balantzea • 2023ko memoria eta 2023ko galldu-irabazien balantzea • 2022ko memoria eta 2022ko galdu-irabazien balantzea • 2021eko memoria eta 2021eko galdu-irabazien balantzea &nbsp; Deskargatu pdf formatuan[/vc_column_text][/vc_column][/vc_row]" />
<meta property="og:url" content="https://podologiaeuskadi.com/eu/memorias-anuales/" />
<meta property="og:site_name" content="Colegio Oficial de Podología de País Vasco" />
<meta property="article:publisher" content="https://www.facebook.com/ColegioPodologosEuskadi/" />
<meta property="article:modified_time" content="2026-03-09T13:19:46+00:00" />
<meta name="twitter:card" content="summary_large_image" />
<meta name="twitter:site" content="@CPodologos" />
<meta name="twitter:label1" content="Est. reading time" />
	<meta name="twitter:data1" content="1 minute" />
<script type="application/ld+json" class="yoast-schema-graph">{"@context":"https:\/\/schema.org","@graph":[{"@type":"WebPage","@id":"https:\/\/podologiaeuskadi.com\/eu\/memorias-anuales\/","url":"https:\/\/podologiaeuskadi.com\/eu\/memorias-anuales\/","name":"Urteko memoriak - Colegio Oficial de Podología de País Vasco","isPartOf":{"@id":"https:\/\/podologiaeuskadi.com\/#website"},"datePublished":"2023-09-08T16:28:26+00:00","dateModified":"2026-03-09T13:19:46+00:00","breadcrumb":{"@id":"https:\/\/podologiaeuskadi.com\/eu\/memorias-anuales\/#breadcrumb"},"inLanguage":"eu-ES","potentialAction":[{"@type":"ReadAction","target":["https:\/\/podologiaeuskadi.com\/eu\/memorias-anuales\/"]}]},{"@type":"BreadcrumbList","@id":"https:\/\/podologiaeuskadi.com\/eu\/memorias-anuales\/#breadcrumb","itemListElement":[{"@type":"ListItem","position":1,"name":"Portada","item":"https:\/\/podologiaeuskadi.com\/eu\/"},{"@type":"ListItem","position":2,"name":"Urteko memoriak"}]},{"@type":"WebSite","@id":"https:\/\/podologiaeuskadi.com\/#website","url":"https:\/\/podologiaeuskadi.com\/","name":"Colegio Oficial de Podólogos del País Vasco","description":"Colegio Oficial de Podología de País Vasco","publisher":{"@id":"https:\/\/podologiaeuskadi.com\/#organization"},"potentialAction":[{"@type":"SearchAction","target":{"@type":"EntryPoint","urlTemplate":"https:\/\/podologiaeuskadi.com\/?s={search_term_string}"},"query-input":{"@type":"PropertyValueSpecification","valueRequired":true,"valueName":"search_term_string"}}],"inLanguage":"eu-ES"},{"@type":"Organization","@id":"https:\/\/podologiaeuskadi.com\/#organization","name":"Colegio Oficial de Podólogos del País Vasco","url":"https:\/\/podologiaeuskadi.com\/","logo":{"@type":"ImageObject","inLanguage":"eu-ES","@id":"https:\/\/podologiaeuskadi.com\/#\/schema\/logo\/image\/","url":"https:\/\/podologiaeuskadi.com\/wp-content\/uploads\/2024\/04\/240423-col-podologos-2.jpg","contentUrl":"https:\/\/podologiaeuskadi.com\/wp-content\/uploads\/2024\/04\/240423-col-podologos-2.jpg","width":1660,"height":822,"caption":"Colegio Oficial de Podólogos del País Vasco"},"image":{"@id":"https:\/\/podologiaeuskadi.com\/#\/schema\/logo\/image\/"},"sameAs":["https:\/\/www.facebook.com\/ColegioPodologosEuskadi\/","https:\/\/x.com\/CPodologos","https:\/\/www.youtube.com\/@colegiopodologosdelpaisvas9357"]}]}</script>
<!-- / Yoast SEO plugin. -->

Urteko memoriak - Colegio Oficial de Podología de País Vasco

Colegio Oficial de Podología de País Vasco

Colegio Oficial de Podólogos del País Vasco
