{"id":21651,"date":"2025-05-23T10:50:57","date_gmt":"2025-05-23T08:50:57","guid":{"rendered":"https:\/\/podologiaeuskadi.com\/elkargokideentzako-iragarki-esklusiboak\/"},"modified":"2025-07-17T14:50:07","modified_gmt":"2025-07-17T12:50:07","slug":"elkargokideentzako-iragarki-esklusiboak","status":"publish","type":"page","link":"https:\/\/podologiaeuskadi.com\/eu\/elkargokideentzako-iragarki-esklusiboak\/","title":{"rendered":"Elkargokideentzako iragarki esklusiboak"},"content":{"rendered":"<div class=\"members-access-error\">&nbsp;<\/p>\n<p><img class=\"aligncenter wp-image-18695 size-full\" src=\"https:\/\/podologiaeuskadi.com\/wp-content\/uploads\/2023\/09\/Acceso-restringido-ESP.jpg\" alt=\"\" width=\"1382\" height=\"460\" \/><\/p>\n<h3><\/h3>\n<h3>Para acceder a este contenido debe introducir su usuario y contrase\u00f1a en el apartado &#8220;Acceso a colegiados&#8221;.<\/h3>\n<\/div>\n","protected":false},"excerpt":{"rendered":"<div class=\"members-access-error\">&nbsp;<\/p>\n<p><img class=\"aligncenter wp-image-18695 size-full\" src=\"https:\/\/podologiaeuskadi.com\/wp-content\/uploads\/2023\/09\/Acceso-restringido-ESP.jpg\" alt=\"\" width=\"1382\" height=\"460\" \/><\/p>\n<h3><\/h3>\n<h3>Para acceder a este contenido debe introducir su usuario y contrase\u00f1a en el apartado &#8220;Acceso a colegiados&#8221;.<\/h3>\n<\/div>\n","protected":false},"author":2798,"featured_media":18174,"parent":0,"menu_order":0,"comment_status":"closed","ping_status":"closed","template":"","meta":{"footnotes":""},"class_list":["post-21651","page","type-page","status-publish","has-post-thumbnail","hentry","description-off"],"yoast_head":"<!-- This site is optimized with the Yoast SEO plugin v27.4 - https:\/\/yoast.com\/product\/yoast-seo-wordpress\/ -->\n<title>Elkargokideentzako iragarki esklusiboak - Colegio Oficial de Podolog\u00eda de Pa\u00eds Vasco<\/title>\n<meta name=\"robots\" content=\"index, follow, max-snippet:-1, max-image-preview:large, max-video-preview:-1\" \/>\n<link rel=\"canonical\" href=\"https:\/\/podologiaeuskadi.com\/eu\/elkargokideentzako-iragarki-esklusiboak\/\" \/>\n<meta property=\"og:locale\" content=\"eu_ES\" \/>\n<meta property=\"og:type\" content=\"article\" \/>\n<meta property=\"og:title\" content=\"Elkargokideentzako iragarki esklusiboak - Colegio Oficial de Podolog\u00eda de Pa\u00eds Vasco\" \/>\n<meta property=\"og:description\" content=\"&nbsp;  Para acceder a este contenido debe introducir su usuario y contrase\u00f1a en el apartado &#8220;Acceso a colegiados&#8221;.\" \/>\n<meta property=\"og:url\" content=\"https:\/\/podologiaeuskadi.com\/eu\/elkargokideentzako-iragarki-esklusiboak\/\" \/>\n<meta property=\"og:site_name\" content=\"Colegio Oficial de Podolog\u00eda de Pa\u00eds Vasco\" \/>\n<meta property=\"article:publisher\" content=\"https:\/\/www.facebook.com\/ColegioPodologosEuskadi\/\" \/>\n<meta property=\"article:modified_time\" content=\"2025-07-17T12:50:07+00:00\" \/>\n<meta property=\"og:image\" content=\"https:\/\/podologiaeuskadi.com\/wp-content\/uploads\/2023\/07\/colegiacion.jpg\" \/>\n\t<meta property=\"og:image:width\" content=\"1382\" \/>\n\t<meta property=\"og:image:height\" content=\"575\" \/>\n\t<meta property=\"og:image:type\" content=\"image\/jpeg\" \/>\n<meta name=\"twitter:card\" content=\"summary_large_image\" \/>\n<meta name=\"twitter:site\" content=\"@CPodologos\" \/>\n<meta name=\"twitter:label1\" content=\"Est. reading time\" \/>\n\t<meta name=\"twitter:data1\" content=\"1 minute\" \/>\n<script type=\"application\/ld+json\" class=\"yoast-schema-graph\">{\"@context\":\"https:\\\/\\\/schema.org\",\"@graph\":[{\"@type\":\"WebPage\",\"@id\":\"https:\\\/\\\/podologiaeuskadi.com\\\/eu\\\/elkargokideentzako-iragarki-esklusiboak\\\/\",\"url\":\"https:\\\/\\\/podologiaeuskadi.com\\\/eu\\\/elkargokideentzako-iragarki-esklusiboak\\\/\",\"name\":\"Elkargokideentzako iragarki esklusiboak - Colegio Oficial de Podolog\u00eda de Pa\u00eds Vasco\",\"isPartOf\":{\"@id\":\"https:\\\/\\\/podologiaeuskadi.com\\\/#website\"},\"primaryImageOfPage\":{\"@id\":\"https:\\\/\\\/podologiaeuskadi.com\\\/eu\\\/elkargokideentzako-iragarki-esklusiboak\\\/#primaryimage\"},\"image\":{\"@id\":\"https:\\\/\\\/podologiaeuskadi.com\\\/eu\\\/elkargokideentzako-iragarki-esklusiboak\\\/#primaryimage\"},\"thumbnailUrl\":\"https:\\\/\\\/podologiaeuskadi.com\\\/wp-content\\\/uploads\\\/2023\\\/07\\\/colegiacion.jpg\",\"datePublished\":\"2025-05-23T08:50:57+00:00\",\"dateModified\":\"2025-07-17T12:50:07+00:00\",\"breadcrumb\":{\"@id\":\"https:\\\/\\\/podologiaeuskadi.com\\\/eu\\\/elkargokideentzako-iragarki-esklusiboak\\\/#breadcrumb\"},\"inLanguage\":\"eu-ES\",\"potentialAction\":[{\"@type\":\"ReadAction\",\"target\":[\"https:\\\/\\\/podologiaeuskadi.com\\\/eu\\\/elkargokideentzako-iragarki-esklusiboak\\\/\"]}]},{\"@type\":\"ImageObject\",\"inLanguage\":\"eu-ES\",\"@id\":\"https:\\\/\\\/podologiaeuskadi.com\\\/eu\\\/elkargokideentzako-iragarki-esklusiboak\\\/#primaryimage\",\"url\":\"https:\\\/\\\/podologiaeuskadi.com\\\/wp-content\\\/uploads\\\/2023\\\/07\\\/colegiacion.jpg\",\"contentUrl\":\"https:\\\/\\\/podologiaeuskadi.com\\\/wp-content\\\/uploads\\\/2023\\\/07\\\/colegiacion.jpg\",\"width\":1382,\"height\":575},{\"@type\":\"BreadcrumbList\",\"@id\":\"https:\\\/\\\/podologiaeuskadi.com\\\/eu\\\/elkargokideentzako-iragarki-esklusiboak\\\/#breadcrumb\",\"itemListElement\":[{\"@type\":\"ListItem\",\"position\":1,\"name\":\"Portada\",\"item\":\"https:\\\/\\\/podologiaeuskadi.com\\\/eu\\\/\"},{\"@type\":\"ListItem\",\"position\":2,\"name\":\"Elkargokideentzako iragarki esklusiboak\"}]},{\"@type\":\"WebSite\",\"@id\":\"https:\\\/\\\/podologiaeuskadi.com\\\/#website\",\"url\":\"https:\\\/\\\/podologiaeuskadi.com\\\/\",\"name\":\"Colegio Oficial de Pod\u00f3logos del Pa\u00eds Vasco\",\"description\":\"Colegio Oficial de Podolog\u00eda de Pa\u00eds Vasco\",\"publisher\":{\"@id\":\"https:\\\/\\\/podologiaeuskadi.com\\\/#organization\"},\"potentialAction\":[{\"@type\":\"SearchAction\",\"target\":{\"@type\":\"EntryPoint\",\"urlTemplate\":\"https:\\\/\\\/podologiaeuskadi.com\\\/?s={search_term_string}\"},\"query-input\":{\"@type\":\"PropertyValueSpecification\",\"valueRequired\":true,\"valueName\":\"search_term_string\"}}],\"inLanguage\":\"eu-ES\"},{\"@type\":\"Organization\",\"@id\":\"https:\\\/\\\/podologiaeuskadi.com\\\/#organization\",\"name\":\"Colegio Oficial de Pod\u00f3logos del Pa\u00eds Vasco\",\"url\":\"https:\\\/\\\/podologiaeuskadi.com\\\/\",\"logo\":{\"@type\":\"ImageObject\",\"inLanguage\":\"eu-ES\",\"@id\":\"https:\\\/\\\/podologiaeuskadi.com\\\/#\\\/schema\\\/logo\\\/image\\\/\",\"url\":\"https:\\\/\\\/podologiaeuskadi.com\\\/wp-content\\\/uploads\\\/2024\\\/04\\\/240423-col-podologos-2.jpg\",\"contentUrl\":\"https:\\\/\\\/podologiaeuskadi.com\\\/wp-content\\\/uploads\\\/2024\\\/04\\\/240423-col-podologos-2.jpg\",\"width\":1660,\"height\":822,\"caption\":\"Colegio Oficial de Pod\u00f3logos del Pa\u00eds Vasco\"},\"image\":{\"@id\":\"https:\\\/\\\/podologiaeuskadi.com\\\/#\\\/schema\\\/logo\\\/image\\\/\"},\"sameAs\":[\"https:\\\/\\\/www.facebook.com\\\/ColegioPodologosEuskadi\\\/\",\"https:\\\/\\\/x.com\\\/CPodologos\",\"https:\\\/\\\/www.youtube.com\\\/@colegiopodologosdelpaisvas9357\"]}]}<\/script>\n<!-- \/ Yoast SEO plugin. -->","yoast_head_json":{"title":"Elkargokideentzako iragarki esklusiboak - Colegio Oficial de Podolog\u00eda de Pa\u00eds Vasco","robots":{"index":"index","follow":"follow","max-snippet":"max-snippet:-1","max-image-preview":"max-image-preview:large","max-video-preview":"max-video-preview:-1"},"canonical":"https:\/\/podologiaeuskadi.com\/eu\/elkargokideentzako-iragarki-esklusiboak\/","og_locale":"eu_ES","og_type":"article","og_title":"Elkargokideentzako iragarki esklusiboak - Colegio Oficial de Podolog\u00eda de Pa\u00eds Vasco","og_description":"&nbsp;  Para acceder a este contenido debe introducir su usuario y contrase\u00f1a en el apartado &#8220;Acceso a colegiados&#8221;.","og_url":"https:\/\/podologiaeuskadi.com\/eu\/elkargokideentzako-iragarki-esklusiboak\/","og_site_name":"Colegio Oficial de Podolog\u00eda de Pa\u00eds Vasco","article_publisher":"https:\/\/www.facebook.com\/ColegioPodologosEuskadi\/","article_modified_time":"2025-07-17T12:50:07+00:00","og_image":[{"width":1382,"height":575,"url":"https:\/\/podologiaeuskadi.com\/wp-content\/uploads\/2023\/07\/colegiacion.jpg","type":"image\/jpeg"}],"twitter_card":"summary_large_image","twitter_site":"@CPodologos","twitter_misc":{"Est. reading time":"1 minute"},"schema":{"@context":"https:\/\/schema.org","@graph":[{"@type":"WebPage","@id":"https:\/\/podologiaeuskadi.com\/eu\/elkargokideentzako-iragarki-esklusiboak\/","url":"https:\/\/podologiaeuskadi.com\/eu\/elkargokideentzako-iragarki-esklusiboak\/","name":"Elkargokideentzako iragarki esklusiboak - Colegio Oficial de Podolog\u00eda de Pa\u00eds Vasco","isPartOf":{"@id":"https:\/\/podologiaeuskadi.com\/#website"},"primaryImageOfPage":{"@id":"https:\/\/podologiaeuskadi.com\/eu\/elkargokideentzako-iragarki-esklusiboak\/#primaryimage"},"image":{"@id":"https:\/\/podologiaeuskadi.com\/eu\/elkargokideentzako-iragarki-esklusiboak\/#primaryimage"},"thumbnailUrl":"https:\/\/podologiaeuskadi.com\/wp-content\/uploads\/2023\/07\/colegiacion.jpg","datePublished":"2025-05-23T08:50:57+00:00","dateModified":"2025-07-17T12:50:07+00:00","breadcrumb":{"@id":"https:\/\/podologiaeuskadi.com\/eu\/elkargokideentzako-iragarki-esklusiboak\/#breadcrumb"},"inLanguage":"eu-ES","potentialAction":[{"@type":"ReadAction","target":["https:\/\/podologiaeuskadi.com\/eu\/elkargokideentzako-iragarki-esklusiboak\/"]}]},{"@type":"ImageObject","inLanguage":"eu-ES","@id":"https:\/\/podologiaeuskadi.com\/eu\/elkargokideentzako-iragarki-esklusiboak\/#primaryimage","url":"https:\/\/podologiaeuskadi.com\/wp-content\/uploads\/2023\/07\/colegiacion.jpg","contentUrl":"https:\/\/podologiaeuskadi.com\/wp-content\/uploads\/2023\/07\/colegiacion.jpg","width":1382,"height":575},{"@type":"BreadcrumbList","@id":"https:\/\/podologiaeuskadi.com\/eu\/elkargokideentzako-iragarki-esklusiboak\/#breadcrumb","itemListElement":[{"@type":"ListItem","position":1,"name":"Portada","item":"https:\/\/podologiaeuskadi.com\/eu\/"},{"@type":"ListItem","position":2,"name":"Elkargokideentzako iragarki esklusiboak"}]},{"@type":"WebSite","@id":"https:\/\/podologiaeuskadi.com\/#website","url":"https:\/\/podologiaeuskadi.com\/","name":"Colegio Oficial de Pod\u00f3logos del Pa\u00eds Vasco","description":"Colegio Oficial de Podolog\u00eda de Pa\u00eds Vasco","publisher":{"@id":"https:\/\/podologiaeuskadi.com\/#organization"},"potentialAction":[{"@type":"SearchAction","target":{"@type":"EntryPoint","urlTemplate":"https:\/\/podologiaeuskadi.com\/?s={search_term_string}"},"query-input":{"@type":"PropertyValueSpecification","valueRequired":true,"valueName":"search_term_string"}}],"inLanguage":"eu-ES"},{"@type":"Organization","@id":"https:\/\/podologiaeuskadi.com\/#organization","name":"Colegio Oficial de Pod\u00f3logos del Pa\u00eds Vasco","url":"https:\/\/podologiaeuskadi.com\/","logo":{"@type":"ImageObject","inLanguage":"eu-ES","@id":"https:\/\/podologiaeuskadi.com\/#\/schema\/logo\/image\/","url":"https:\/\/podologiaeuskadi.com\/wp-content\/uploads\/2024\/04\/240423-col-podologos-2.jpg","contentUrl":"https:\/\/podologiaeuskadi.com\/wp-content\/uploads\/2024\/04\/240423-col-podologos-2.jpg","width":1660,"height":822,"caption":"Colegio Oficial de Pod\u00f3logos del Pa\u00eds Vasco"},"image":{"@id":"https:\/\/podologiaeuskadi.com\/#\/schema\/logo\/image\/"},"sameAs":["https:\/\/www.facebook.com\/ColegioPodologosEuskadi\/","https:\/\/x.com\/CPodologos","https:\/\/www.youtube.com\/@colegiopodologosdelpaisvas9357"]}]}},"_links":{"self":[{"href":"https:\/\/podologiaeuskadi.com\/eu\/wp-json\/wp\/v2\/pages\/21651","targetHints":{"allow":["GET"]}}],"collection":[{"href":"https:\/\/podologiaeuskadi.com\/eu\/wp-json\/wp\/v2\/pages"}],"about":[{"href":"https:\/\/podologiaeuskadi.com\/eu\/wp-json\/wp\/v2\/types\/page"}],"author":[{"embeddable":true,"href":"https:\/\/podologiaeuskadi.com\/eu\/wp-json\/wp\/v2\/users\/2798"}],"replies":[{"embeddable":true,"href":"https:\/\/podologiaeuskadi.com\/eu\/wp-json\/wp\/v2\/comments?post=21651"}],"version-history":[{"count":5,"href":"https:\/\/podologiaeuskadi.com\/eu\/wp-json\/wp\/v2\/pages\/21651\/revisions"}],"predecessor-version":[{"id":21840,"href":"https:\/\/podologiaeuskadi.com\/eu\/wp-json\/wp\/v2\/pages\/21651\/revisions\/21840"}],"wp:featuredmedia":[{"embeddable":true,"href":"https:\/\/podologiaeuskadi.com\/eu\/wp-json\/wp\/v2\/media\/18174"}],"wp:attachment":[{"href":"https:\/\/podologiaeuskadi.com\/eu\/wp-json\/wp\/v2\/media?parent=21651"}],"curies":[{"name":"wp","href":"https:\/\/api.w.org\/{rel}","templated":true}]}}

<div class="members-access-error">&nbsp;</p>
<p><img class="aligncenter wp-image-18695 size-full" src="https://podologiaeuskadi.com/wp-content/uploads/2023/09/Acceso-restringido-ESP.jpg" alt="" width="1382" height="460" /></p>
<h3></h3>
<h3>Para acceder a este contenido debe introducir su usuario y contraseña en el apartado &#8220;Acceso a colegiados&#8221;.</h3>
</div>

<!-- This site is optimized with the Yoast SEO plugin v27.4 - https://yoast.com/product/yoast-seo-wordpress/ -->
<title>Elkargokideentzako iragarki esklusiboak - Colegio Oficial de Podología de País Vasco</title>
<meta name="robots" content="index, follow, max-snippet:-1, max-image-preview:large, max-video-preview:-1" />
<link rel="canonical" href="https://podologiaeuskadi.com/eu/elkargokideentzako-iragarki-esklusiboak/" />
<meta property="og:locale" content="eu_ES" />
<meta property="og:type" content="article" />
<meta property="og:title" content="Elkargokideentzako iragarki esklusiboak - Colegio Oficial de Podología de País Vasco" />
<meta property="og:description" content="&nbsp;  Para acceder a este contenido debe introducir su usuario y contraseña en el apartado &#8220;Acceso a colegiados&#8221;." />
<meta property="og:url" content="https://podologiaeuskadi.com/eu/elkargokideentzako-iragarki-esklusiboak/" />
<meta property="og:site_name" content="Colegio Oficial de Podología de País Vasco" />
<meta property="article:publisher" content="https://www.facebook.com/ColegioPodologosEuskadi/" />
<meta property="article:modified_time" content="2025-07-17T12:50:07+00:00" />
<meta property="og:image" content="https://podologiaeuskadi.com/wp-content/uploads/2023/07/colegiacion.jpg" />
	<meta property="og:image:width" content="1382" />
	<meta property="og:image:height" content="575" />
	<meta property="og:image:type" content="image/jpeg" />
<meta name="twitter:card" content="summary_large_image" />
<meta name="twitter:site" content="@CPodologos" />
<meta name="twitter:label1" content="Est. reading time" />
	<meta name="twitter:data1" content="1 minute" />
<script type="application/ld+json" class="yoast-schema-graph">{"@context":"https:\/\/schema.org","@graph":[{"@type":"WebPage","@id":"https:\/\/podologiaeuskadi.com\/eu\/elkargokideentzako-iragarki-esklusiboak\/","url":"https:\/\/podologiaeuskadi.com\/eu\/elkargokideentzako-iragarki-esklusiboak\/","name":"Elkargokideentzako iragarki esklusiboak - Colegio Oficial de Podología de País Vasco","isPartOf":{"@id":"https:\/\/podologiaeuskadi.com\/#website"},"primaryImageOfPage":{"@id":"https:\/\/podologiaeuskadi.com\/eu\/elkargokideentzako-iragarki-esklusiboak\/#primaryimage"},"image":{"@id":"https:\/\/podologiaeuskadi.com\/eu\/elkargokideentzako-iragarki-esklusiboak\/#primaryimage"},"thumbnailUrl":"https:\/\/podologiaeuskadi.com\/wp-content\/uploads\/2023\/07\/colegiacion.jpg","datePublished":"2025-05-23T08:50:57+00:00","dateModified":"2025-07-17T12:50:07+00:00","breadcrumb":{"@id":"https:\/\/podologiaeuskadi.com\/eu\/elkargokideentzako-iragarki-esklusiboak\/#breadcrumb"},"inLanguage":"eu-ES","potentialAction":[{"@type":"ReadAction","target":["https:\/\/podologiaeuskadi.com\/eu\/elkargokideentzako-iragarki-esklusiboak\/"]}]},{"@type":"ImageObject","inLanguage":"eu-ES","@id":"https:\/\/podologiaeuskadi.com\/eu\/elkargokideentzako-iragarki-esklusiboak\/#primaryimage","url":"https:\/\/podologiaeuskadi.com\/wp-content\/uploads\/2023\/07\/colegiacion.jpg","contentUrl":"https:\/\/podologiaeuskadi.com\/wp-content\/uploads\/2023\/07\/colegiacion.jpg","width":1382,"height":575},{"@type":"BreadcrumbList","@id":"https:\/\/podologiaeuskadi.com\/eu\/elkargokideentzako-iragarki-esklusiboak\/#breadcrumb","itemListElement":[{"@type":"ListItem","position":1,"name":"Portada","item":"https:\/\/podologiaeuskadi.com\/eu\/"},{"@type":"ListItem","position":2,"name":"Elkargokideentzako iragarki esklusiboak"}]},{"@type":"WebSite","@id":"https:\/\/podologiaeuskadi.com\/#website","url":"https:\/\/podologiaeuskadi.com\/","name":"Colegio Oficial de Podólogos del País Vasco","description":"Colegio Oficial de Podología de País Vasco","publisher":{"@id":"https:\/\/podologiaeuskadi.com\/#organization"},"potentialAction":[{"@type":"SearchAction","target":{"@type":"EntryPoint","urlTemplate":"https:\/\/podologiaeuskadi.com\/?s={search_term_string}"},"query-input":{"@type":"PropertyValueSpecification","valueRequired":true,"valueName":"search_term_string"}}],"inLanguage":"eu-ES"},{"@type":"Organization","@id":"https:\/\/podologiaeuskadi.com\/#organization","name":"Colegio Oficial de Podólogos del País Vasco","url":"https:\/\/podologiaeuskadi.com\/","logo":{"@type":"ImageObject","inLanguage":"eu-ES","@id":"https:\/\/podologiaeuskadi.com\/#\/schema\/logo\/image\/","url":"https:\/\/podologiaeuskadi.com\/wp-content\/uploads\/2024\/04\/240423-col-podologos-2.jpg","contentUrl":"https:\/\/podologiaeuskadi.com\/wp-content\/uploads\/2024\/04\/240423-col-podologos-2.jpg","width":1660,"height":822,"caption":"Colegio Oficial de Podólogos del País Vasco"},"image":{"@id":"https:\/\/podologiaeuskadi.com\/#\/schema\/logo\/image\/"},"sameAs":["https:\/\/www.facebook.com\/ColegioPodologosEuskadi\/","https:\/\/x.com\/CPodologos","https:\/\/www.youtube.com\/@colegiopodologosdelpaisvas9357"]}]}</script>
<!-- / Yoast SEO plugin. -->

Elkargokideentzako iragarki esklusiboak - Colegio Oficial de Podología de País Vasco

&nbsp;  Para acceder a este contenido debe introducir su usuario y contraseña en el apartado &#8220;Acceso a colegiados&#8221;.

Colegio Oficial de Podología de País Vasco

Colegio Oficial de Podólogos del País Vasco
